 is divided by 4.
1
Suppose -66*b = -67*b + i + 43, 0 = i - 5. What is the remainder when (-2)/(-6) - 2435/(-3) is divided by b?
44
Suppose -327 = -4*k + 3*f, 6*k = 2*f + 2*f + 492. What is the remainder when k is divided by 37?
10
Suppose -3*z - 4*v + 267 = 0, 7*z + v - 343 = 3*z. Suppose 11*y - z = 6*y. What is the remainder when y is divided by 4?
1
Suppose -4*t + m + 35 = -2*m, 3*m - 5 = -4*t. Suppose -91 = -2*w + 2*j + 3*j, -3*w + t*j = -144. What is the remainder when w is divided by 6?
5
Let w(j) = -j**2 - 11*j + 9. Let i be w(-12). Suppose 1228 = 4*p - n, 1927 = 5*p - 3*n + 392. Calculate the remainder when p is divided by 29 + i + 5 - 0.
28
Suppose 11*c - 87 + 21 = 0. Suppose -3*o + c*r + 153 = 3*r, -2*o = -r - 106. What is the remainder when 273 is divided by o?
53
Let c(t) = t**2 + 21*t - 27. Suppose -2*w + 181 = 77. What is the remainder when c(8) is divided by w?
49
Suppose -5*b + 7*b = 7*b. Suppose b = 3*m + 5*r - 115, -r - 5 - 28 = -m. What is the remainder when m is divided by 12?
11
Let y = -70 + 1763. What is the remainder when y is divided by 63?
55
Suppose -2*f + 8 - 3 = 3*r, 4*r - 20 = 0. Calculate the remainder when (-1 + 1 + f)*(-1 - 1) is divided by 4.
2
Let o = -6424 - -6434. Let g = -170 + 269. What is the remainder when g is divided by o?
9
Let s(v) = 3*v**3 - 4*v**2 + 2*v - 32. Calculate the remainder when s(5) is divided by 62.
5
Let h = 3416 - 3391. Calculate the remainder when 414 is divided by h.
14
Suppose -3*c + 15 = 0, -3*t + 11142 = -t + 2*c. Calculate the remainder when t is divided by 398.
392
What is the remainder when 2532 is divided by 18*24/180*350?
12
Calculate the remainder when 3*((-224)/(-6) + 9) is divided by 27.
4
Let s(m) = -m**3 - 31*m**2 - 130*m - 3980. What is the remainder when 1118 is divided by s(-31)?
18
Let p(z) = -z**2 + 90. Calculate the remainder when p(0) is divided by (0 - 5) + 2/(1 - 0) + 23.
10
Let u(d) = d**3 + 61*d**2 - 69*d - 56. What is the remainder when u(-62) is divided by 19?
17
Let v = -11 + 16. Let a(j) = 3*j**2 - 115*j + 552. Calculate the remainder when a(5) is divided by v.
2
Let n = 271 - 238. Let g(y) = y**2 - 27*y - 67. Let l(d) = 3*d - 6. What is the remainder when g(n) is divided by l(13)?
32
Calculate the remainder when 17/187 + 2/(66/627987) is divided by 156.
154
Suppose -v = -2*s + v + 390, 3*s + v = 569. What is the remainder when s is divided by 10/(-35) + (-130)/(-14) + 3?
11
Let v = 79169 - 79158. Let a = -78 + 119. Calculate the remainder when a is divided by v.
8
Suppose -5*o + 6*m = 2*m + 37, o + 5*m = 10. What is the remainder when 105/1 - (o + 4 + 1) is divided by 20?
5
Let i(g) = 10*g + 6 + 1 + g - g**2 - g. Let u(f) = 4*f**3 - 1. What is the remainder when u(2) is divided by i(10)?
3
Let f be (-16)/20*(4 - 92/8). Suppose 31 = 3*a + a - n, -a - f = -3*n. Calculate the remainder when 68 is divided by a.
5
Suppose 33 = 2*t - 15. Suppose 112 = -3*k + 5*f + 824, 0 = -k - 5*f + 244. Suppose -4*c + 217 = -k. Calculate the remainder when c is divided by t.
18
Let o = -74 - -127. Suppose 11*k - 250 = -5*m, k + 6*m - m = 50. What is the remainder when o is divided by k?
13
Let h(c) = c**3 + 13*c**2 - 19*c + 7. Let k be h(-14). Let q be (-48)/14 + 33/k. Calculate the remainder when q/(-4) + (-2197)/(-52) is divided by 15.
13
Suppose 0*u + 307 = 3*u - 4*f, -4*u = -2*f - 426. Suppose 0 = 31*c - 326 + u. Calculate the remainder when 34 is divided by c.
6
What is the remainder when 413 is divided by (176/12)/(((-176)/(-165))/8)?
83
Let v(l) = 26*l - 39. Let y be v(-8). Let g = -222 - y. Calculate the remainder when 174 is divided by g.
24
Let q(v) = 13 + 0*v + 15*v - 18 + 16. Suppose 2*r - 75 + 17 = 0. What is the remainder when q(5) is divided by r?
28
Suppose 6*z - 2*z - 2*s = 34, -4*s = 4*z - 28. Suppose 3*w + 10 = -5, 5*g + 3*w + 85 = 0. Let l = 27 + g. What is the remainder when l is divided by z?
5
Let n = 442 - 437. Suppose 3*h = -11 + 2, 0 = n*d - 2*h - 161. Calculate the remainder when 57 is divided by d.
26
Let p(o) = 14*o - 121. Let k be p(9). Suppose -4*c = -6*c + 4*t + 10, 5*t + k = 2*c. What is the remainder when 220 is divided by c?
10
Suppose 0 = -3*u + 457*m - 461*m + 18, -u = -4*m - 38. Let z = -327 + 547. What is the remainder when z is divided by u?
10
Let o(b) = b**2 + 22*b + 112. Let i be o(-14). Suppose 0 = m, -2*d - 3*m = -i*d - 36. Calculate the remainder when 21 is divided by d.
3
Suppose -4*i + 2752 = 12*t, -3*t + 10 = 27 + 13. Let h = -172 + 252. What is the remainder when i is divided by h?
78
Suppose -3*o = 2*b + 184, o + 2*b + b = -73. Let j be 16/(-56) + o/(-7). Suppose 5*u + 267 = j*u. Calculate the remainder when u is divided by 10.
9
Suppose -46 + 36 = -5*q, -228 = -m - q. Calculate the remainder when m is divided by 4.
2
Suppose 0 = -3*f - 5*l + 1, -4*f - 2*l = -6 - 0. Let u be 1 + (f/(-4))/(1/14). Let p = u + 52. Calculate the remainder when 182 is divided by p.
44
Let o be 68/136*(4 + 0). Suppose -4*i - 14 = -o*g, 0 = -3*i - i - 4. What is the remainder when 36 is divided by g?
1
Suppose -746 = -3*z + 29*l - 27*l, 0 = 5*z - l - 1241. What is the remainder when z is divided by 9?
5
What is the remainder when (387/(-86))/((-1)/2406 - 0) is divided by 114?
111
Let z = -574 - -774. What is the remainder when z is divided by 91?
18
Let k = 103 - 30. Suppose 218 = 4*z + 5*p, 2*z - 4*p - 23 = k. Calculate the remainder when z is divided by 20.
12
Let x = 6 + -9. Let q = 4 - x. Suppose 0 = -5*h + 3*w + 122, 0 = -4*h - 0*w + 5*w + 95. What is the remainder when h is divided by q?
4
Let g be -4 - (2 - (-300)/(-3)). Let z = -91 + g. Suppose 3*n = -3*u + 42 + 96, z*n = 5*u - 230. Calculate the remainder when u is divided by 25.
21
Suppose -200 = -4*y + 4*z, 0 = -43*z + 40*z - 18. What is the remainder when 119 is divided by y?
31
Suppose -2*b = b - 9. Let j(z) = -8*z - 85. Let h be j(-11). Suppose -2*k + 5 = -h*i + 24, 0 = 4*i + 5*k + 13. Calculate the remainder when i is divided by b.
0
Suppose -3269 = -17*r + 1066. Calculate the remainder when r is divided by 54.
39
Let p(h) = h**2 + 7*h + 21. Calculate the remainder when p(-18) is divided by 87.
45
Let a(g) = -2*g + 2. Let k be a(-2). Let q(z) = z**2 - 3*z + 9. Calculate the remainder when (125 - 21) + 3 + 0 is divided by q(k).
26
Let o = 23113 - 20619. What is the remainder when o is divided by 2472?
22
Calculate the remainder when (112/(-63))/(2/3)*(-4833)/36 is divided by 85.
18
Suppose -6126 = 590*m - 74566. What is the remainder when m is divided by 15?
11
Suppose -n + 2*n = -5*h + 402, 2010 = 5*n + 5*h. Suppose -14*f = -n - 1558. What is the remainder when f is divided by 37?
29
Suppose 2*d - 2*l = 3*d, 3*d + 32 = 2*l. Calculate the remainder when 164 is divided by 2/d + (-226)/(-8).
24
Suppose 2*v - 11 = -2*k + 67, 0 = 3*k + 2*v - 118. Suppose 4*h = -16 + k. Suppose 0 = h*d - 17 - 73. What is the remainder when 118 is divided by d?
13
Suppose -5*f - 3*f = -40. Let a(c) = -c**3 + 3 - 2*c**2 + 0*c**2 + 9*c**2 - 10*c. What is the remainder when 10 is divided by a(f)?
1
Suppose -4*c + 164 + 72 = 0. What is the remainder when (1/14*12)/((-122)/854) - -191 is divided by c?
8
Let p = 5862 + -5835. Calculate the remainder when 396 is divided by p.
18
Suppose -41024*x + 40944*x + 56240 = 0. What is the remainder when x is divided by (-1 + -4 + 1)*-16?
63
Let r = 1788 - 1765. What is the remainder when 44 is divided by r?
21
Suppose -3*w = -12, -2*q + w = 2*q - 404. Suppose 3*p - 133 = x, -3*p - 9 = x - 146. What is the remainder when q is divided by p?
12
Let c(r) be the first derivative of -17*r**2 + 117*r - 28. Calculate the remainder when c(-5) is divided by 36.
35
Let n = 4039 - 3859. Calculate the remainder when 534 is divided by n.
174
Let z(a) be the second derivative of 19*a**4/12 - 9*a**3/2 - 7*a**2/2 + 134*a. Calculate the remainder when z(4) is divided by 16.
13
Suppose -5*q + 421 + 294 = 0. Suppose -6*x + 109 = 79. Suppose -3*t + 49 + q = 4*g, -x*g = 4*t - 240. Calculate the remainder when g is divided by 13.
9
Suppose 5*i - 487 = -3*r, i - 190 = -3*r + 301. Calculate the remainder when 646 is divided by r.
154
Let v be ((-377)/52)/((-2)/8). Let f = v + -27. Suppose 0 = 3*c - 5*k - 187, 2*c + f*k - 284 = -2*c. What is the remainder when c is divided by 18?
15
What is th